u + 275*u + 277*u - 26. Give k(-8).
30
Let p(a) = -a**3 + a**2 - a - 5. Let d(b) = 2*b + 4. Let r be d(7). Let n be 278/2085 - -134*4/30. Let o = r - n. What is p(o)?
-5
Let s(o) be the second derivative of -o**5/20 + 19*o**4/12 - 46*o**3/3 + 9*o**2 - 2*o + 1370. What is s(9)?
0
Let z(y) = 5*y**3 + 3*y**2 - 5*y - 15. Let q(v) = -2*v**3 - 2*v**2 + 2*v + 8. Let m(i) = -7*q(i) - 3*z(i). Let k = 1938 - 1933. Calculate m(k).
-6
Let i(z) = z**2 - 4*z - 2*z + 10 - 3*z. Let b(x) = 2*x**3 + 12*x**2 - 30. Let n be b(-6). Let m be (n + 20)*(-8)/10. What is i(m)?
2
Let j(r) = -r**3 - 17*r**2 + 19*r + 11. Let z = 4262 - 6512. Let f be 4/5*z/100. Determine j(f).
-7
Let t(v) be the first derivative of v**3/3 - 9*v**2/2 + 11*v - 1943. Give t(6).
-7
Let d = 121 + 181. Let z = -299 + d. Let g(u) = -u + 4. What is g(z)?
1
Let l(t) be the first derivative of 2*t**3/3 + 7*t**2 - 4*t - 5511. What is l(-8)?
12
Let v = 5960 - 5969. Let x(i) = -8*i + 12. Give x(v).
84
Let u(s) = s**3 + 6*s**2 - 10*s - 9. Suppose 0 = -13*z - 21*z + 2244. Suppose 44*m = z*m + 154. Give u(m).
12
Let o(x) = -x**3 - 14*x**2 + 2*x + 25. Suppose -3*i + 9 = 0, -2*w + 7*w - 3*i = -79. Calculate o(w).
-3
Suppose 0*r - r = -u - 9, 3*r + 5*u - 19 = 0. Let v(p) = -p**3 - 3*p**2 + 15123*p + 4 - 15117*p + r*p**2. Give v(6).
4
Let x be 105/(-210)*(-1 + 3/6 + 0). Let c(q) be the third derivative of 0 + 0*q - 5*q**2 + x*q**4 - 1/60*q**5 + 5/3*q**3. What is c(7)?
3
Let t(d) = 2*d**3 + 25*d**2 + 31*d + 68. Let z(u) = 3*u**3 + 51*u**2 + 71*u + 135. Let k(a) = -5*t(a) + 3*z(a). Calculate k(30).
5
Let t be (4/(-6))/((-24)/252*-7). Let m(h) = 58*h - 2. Determine m(t).
-60
Suppose 48*j - 3 = 45*j. Let p(q) be the third derivative of 11*q**5/30 - q**4/12 + q**3/6 - 13*q**2. What is p(j)?
21
Let t(n) be the third derivative of n**4/8 - n**3/6 + 9*n**2. Let r(u) = -154*u + 153. Let h be r(1). Calculate t(h).
-4
Let r = -5092 - -5091. Let o(z) = -34*z - 40. Give o(r).
-6
Let q(x) be the first derivative of x**2 - 8*x - 3146. Let p = -1 + 9. Calculate q(p).
8
Let f be 2 - 3 - (-1 + -3). Let b(m) = -9 + 7 + f + 5*m. Suppose 0 = 2*x + 2*z + 6, 3*z - 2 + 5 = 3*x. Determine b(x).
-4
Let g(l) = 201*l + 3. Let y(n) = 235*n + 3. Let u(o) = -6*g(o) + 5*y(o). Determine u(1).
-34
Suppose 0 = -v + 42*h - 43*h, 0 = -v - 5*h - 12. Let z(a) be the first derivative of -2/3*a**v + 3*a**2 - 1/4*a**4 + 6 + 2*a. Calculate z(-4).
10
Let n(s) be the second derivative of 9*s**5/20 + s**4/12 - s**3/6 + 171*s - 1. Determine n(1).
9
Let l(g) = 5*g**2 + 15*g + 191. Let z(t) = -3*t**2 - 7*t - 96. Let q(k) = -4*l(k) - 7*z(k). Let o(h) be the first derivative of q(h). Determine o(5).
-1
Let k(z) = z**3 - 10*z**2 + 423*z - 6. Let x(r) = 2*r**3 - 20*r**2 + 708*r - 12. Let d(q) = -5*k(q) + 3*x(q). Suppose -3*f + 17 = -10. Calculate d(f).
-6
Let d(b) be the second derivative of b**5/20 - b**4 - 2*b**3 + 7*b**2/2 - 132*b + 25. Determine d(13).
20
Let c(d) be the third derivative of d**6/120 - d**4/3 - 5*d**3/6 + 30*d**2. Let n(i) = i + 1. Let r(p) = -c(p) - 6*n(p). What is r(1)?
0
Let z(h) = h**2 - h - 18. Let w(k) = k**2 - k - 12. Let b(p) = -3*w(p) + 2*z(p). Give b(1).
0
Let t(b) = b**2 + 3*b - 71. Let m be t(-11). Suppose 4*l = -g - m, 9*l - 17 = 4*g + 8*l. Let y(s) = 2 + s**2 - 3 - 3 + 2*s. What is y(g)?
11
Suppose 0 = -2*x - 4*z - 0 + 2, -2*z - 24 = -4*x. Suppose -j - 12 = -x*g, 0*j = g - j. Let u(h) = -6*h + 4. Give u(g).
-14
Let m(f) be the first derivative of -2*f**2 - 9 + 0*f - 1/3*f**3 - 1/8*f**4. Let s(b) be the second derivative of m(b). Calculate s(-4).
10
Let v(c) = c**2 - 4*c + 11. Let x be 4 - 1 - (-4)/2. Let g be v(x). Suppose -g*l + 7 = -17*l. Let b(p) = -p**3 - 6*p**2 + 10*p + 5. Calculate b(l).
-16
Let d(c) = -953*c + 3554*c - 837*c + 509 - 991*c - 941*c. Give d(3).
5
Let u(m) be the first derivative of -m**4/4 + 2*m**3 - 3*m**2 + 2*m - 16. Let z be -3 + (-1 - 2) - 4. Let b be z/8*(-8 - -4). Determine u(b).
-3
Let a(m) = -275*m - 263*m - 257*m + 6 + 767*m - m**2. Determine a(-28).
6
Let o = -10 + 13. Suppose 25 = -4*y - o. Let h(b) = 0 - 87*b**2 + 88*b**2 - 4*b - 1 - 5 + 11*b. Give h(y).
-6
Let s = 34 + -31. Let m(r) = -2*r - 22. Let o be m(-13). Let c(j) = -3 - 4*j + 3*j - 3 + o. What is c(s)?
-5
Let t = 5 + 1. Suppose -y = -t*y. Let u(i) be the third derivative of -i**6/120 + i**5/60 - i**4/24 + 3*i**3 - 4*i**2 + 6. Determine u(y).
18
Let x be 12/60 + (-24)/(-5). Suppose 0 = 19*h + x*h + 24. Let r(g) = -9*g. What is r(h)?
9
Suppose 40*n - 39*n - 18 = 0. Let b(w) = -w**3 + 6*w**2 - 30*w + 49*w - 4 - 2*w**2 - n*w. Give b(4).
0
Let l(d) = -3*d + 12. Let a(p) = -6*p - 24. Let g(k) = k**3 - 5*k**2 - 6*k + 35. Let i be g(4). Let v be a(i). Determine l(v).
-6
Let a(w) = w + 1. Let x be a(0). Suppose 5*u - 3*u - 76 = 4*f, -109 = -3*u + 5*f. Let i(l) = -u + 14 + 15 - 4*l**2. Give i(x).
-3
Let l(r) = 16*r - 36. Let b = -23637 - -23639. What is l(b)?
-4
Let l(z) = -141*z**2 + 10 - 3*z + 140*z**2 - 1. Let i be l(-5). Let k be ((-11)/33)/(i/((-9)/1)). Let w(d) = 2*d**2 + 4*d + 3. Calculate w(k).
9
Let r(a) = a**3 + 2*a**2 - 3*a + 5. Let d(i) = 2*i**3 + 6*i**2 - 8*i + 13. Let c(x) = 3*d(x) - 8*r(x). Suppose 4*l = 4*p + 4, -11 = 3*l + p + 3*p. What is c(l)?
3
Let k(o) = 4 - 16*o - 2 - 11*o**2 + o**3 - 1 + 4*o**2 - 10*o**2. Determine k(18).
37
Let l(n) = -n**3 + 5*n**2 + 6*n + 1. Let o(b) = 30*b + 5. Let v be o(-2). Let x = 59 + v. Let i be 4 - (2 + -8 + x). Determine l(i).
1
Let n = -706 + 708. Let w(i) = -2*i**3 + 3*i**2 + 16*i - 28. What is w(n)?
0
Let l(h) = h**2 - 7*h - 9. Let g be 2*6/(12/2)*2. Let y be (-484)/(-68) - g/34. What is l(y)?
-9
Let y(q) = -1. Let v(z) = -z. Let m(b) = -3*v(b) + 6*y(b). Let i be (52/6)/(2/(-6)). Let f = -22 - i. Calculate m(f).
6
Let s(y) be the second derivative of -y**3/2 - 6*y**2 - 1642*y. Calculate s(4).
-24
Let l = -3 + 3. Let x(c) be the second derivative of c**5/20 - c**2/2 - 26955*c. Calculate x(l).
-1
Let q(n) be the first derivative of -n**3/3 - 19*n**2 - 35*n - 1229. Give q(-1).
2
Let k = 2 - 5. Let h(g) be the second derivative of -1/20*g**5 - 1/3*g**4 - 3 - 1/2*g**3 + 18*g + 0*g**2. Calculate h(k).
0
Suppose 17 = -3*u + 2*i, 9*i - 8*i = -2. Let n(b) = -2*b**3 - 15*b**2 - 8*b - 3. Calculate n(u).
4
Suppose -3*x = -0*x - 48. Suppose b - x = 5*b. Let o(i) = -4 + 4*i - 6*i + 2 - 1 - 1 - i**3 - 4*i**2. What is o(b)?
4
Let l be (2/(-1))/(12/(-30)). Let o be -2*((-25)/2)/l. Let n(g) = -6*g + o*g - 2 + 0*g. Give n(-6).
4
Let v be ((-106)/(-159))/(((-4)/(-6))/2). Suppose -l - 2 = -3*y - y, -5*l - v*y - 10 = 0. Let k(d) = -2*d - 3 - 2*d**3 + 4 + d**3 - 2*d**2. Calculate k(l).
5
Let a(j) = j**3 - 2*j**2 - 9. Suppose -6*k - 4*k + 31 - 1 = 0. Determine a(k).
0
Let v(i) = -105*i + 5. Let n(g) = -289*g + 13. Let r(x) = 4*n(x) - 11*v(x). Calculate r(-13).
10
Let p(q) = 3*q**3 - 6*q**2 - 3*q. Let d(b) = 4*b**3 - 7*b**2 - 4*b + 1. Let a(h) = -4*d(h) + 5*p(h). Let v = -487 - -484. What is a(v)?
2
Suppose 16 = g + 4*a, 4*a - 24 = -3*g + 8. Let i(k) = k**3 + 2 - 6134*k - 2*k**2 + 4 + 6124*k - 5*k**2 + 1. What is i(g)?
-9
Let p(c) = -11*c**2 + 36*c - 104. Let y(l) = 18*l**2 - 57*l + 174. Let v(m) = -13*p(m) - 8*y(m). Calculate v(-8).
-8
Suppose -3*s = -3*w + 5*w - 76, 0 = -5*w + 4*s + 144. Let r = w - 12. Let j(a) = 48*a**2 + a**3 - 18*a**2 + 10*a + 6 - r*a**2. What is j(-9)?
-3
Let z(j) = -5*j**2 + 6 + 9*j - 9*j**3 + 10*j**3 - 5*j**2. Let o be 39/3 - 1*4. What is z(o)?
6
Let z(x) = -1427 + 723 + 18*x + 714. Give z(5).
100
Let t(c) = -c**3 + 10*c**2 - 19*c - 9. Let j(o) = -o**2 + o + 1. Let n(p) = 4*j(p) - t(p). Let h be n(12). Let s(q) = 21*q + 1. Calculate s(h).
22
Let c(x) = -x**2 + 50*x - 5. Let z(y) = 8*y - 1. Let d(a) = c(a) - 6*z(a). Let n = 269 - 267. Give d(n).
1
Suppose -k + 41 = -9. Suppose 0 = -3*q + 2*v + k, 4*q + q - 77 = -3*v. Let d(n) = -14 - 2*n + q + 7*n. What is d(-3)?
-13
Let u(y) = -1083*y**2 + 355*y**2 + 365*y**2 + 362*y**2 - y + 3. Calculate u(3).
-9
Let m(x) be the second derivative of x**4/12 - 14*x**3/3 + 56*x**2 + 893*x. Calculate m(23).
-3
Let w be -3 + 35/((15/6)/5). Let q = w - 64. Let x(n) = 5 - 9 + 2 + q*n. Calculate x(5).
13
Let z(o) = o**3 + 21*o**2 + 73*o + 648. Let h be z(-19). Let s(d) = d**3 + 16*d**2 - 20*d - 22. Give s(h).
29
Let w(n) = -17*n - 14. Suppose -3*o - 38 = 4*i